ose -3*t + 197 = -5*s + 494, 138 = 2*s + 2*t. Let l = s - v. List the prime factors of l.
5, 17
Suppose 0 = 3*n + c - 17924, -11300 = 5*n + c - 41172. List the prime factors of n.
2, 29, 103
Let i(v) be the first derivative of -5*v**4/4 + 2*v**3/3 - v**2/2 - 6*v + 1. Suppose -10*g = 300 - 280. What are the prime factors of i(g)?
2, 11
Suppose 4822 = 3*c - z, c + z - 1488 = 114. List the prime factors of c.
2, 11, 73
List the prime factors of 7/(-21)*15 + 474*50.
5, 7, 677
Let j = -8829 + 12366. List the prime factors of j.
3, 131
Let i be ((-3)/9)/(7/(-105)). Suppose -4*d + 20 = 0, m - i*d - 980 = 307. List the prime factors of m.
2, 41
Let k(x) = -x**3 + 11*x**2 - 8*x - 14. Let z be k(10). Suppose -12*p + z*p + 192 = 0. List the prime factors of p.
2
Let v(g) = -g**2 - 6*g - 3. Let w be v(-6). Let n = -95 - -95. What are the prime factors of (w - -3) + 75 + n?
3, 5
Let z = -88 + 135. Suppose -h + z = 4*u - 20, -3*u - 6 = 0. List the prime factors of h.
3, 5
Let v = -472 + 460. List the prime factors of (-2966)/v - (-3)/(-54)*3.
13, 19
Let n(c) be the second derivative of 0 - 1/3*c**3 + 29/2*c**2 - 9*c. What are the prime factors of n(8)?
13
Suppose -3*f - f = -f. Suppose y - 4*y + 2*d + 3738 = f, -y - 2*d = -1254. List the prime factors of y.
2, 3, 13
Suppose 3*r + 8943 - 29162 = -2*c, 26970 = 4*r - 3*c. What are the prime factors of r?
3, 7, 107
Suppose 0 = -5*h + 21195 + 7835. List the prime factors of h.
2, 2903
Suppose 4*r - 38*r = 41*r - 776850. What are the prime factors of r?
2, 5179
Suppose -2*n = -5*f + 3*n + 30, 4*f + 3*n = 52. Let d be ((-22)/f - -1)/(2/(-25)). Suppose q - 23 = d. List the prime factors of q.
2, 19
Let d = 59 - -95. Let o be (6 - 3)*80/3. Let n = d - o. What are the prime factors of n?
2, 37
List the prime factors of ((-1311)/(-12))/((85/260)/17).
13, 19, 23
Let w be (2 - -4)*5*(-5)/(-10). Suppose -w*a + 25*a - 6850 = 0. What are the prime factors of a?
5, 137
Suppose 46 = -6*q + 52. Let g be q - 1/(-1)*1. Suppose -708 = -8*v + g*v. What are the prime factors of v?
2, 59
Suppose -914 - 89 = -5*x - a, 0 = 3*x - 4*a - 611. Suppose 5*w = -4*o + x, -o - o = 2*w - 102. Suppose -36 = -j + o. What are the prime factors of j?
2, 3, 5
Suppose -w = -4*q + 208 - 84, 0 = q - 5*w - 12. Let p = -29 + q. Suppose -p*i - 4 = -85. What are the prime factors of i?
3
Let g = 6675 - 3803. Let q = -1460 + g. Suppose -12*m + q + 1816 = 0. List the prime factors of m.
269
What are the prime factors of (3/(-12))/((13/1)/(-307112))?
2, 2953
Let h = 1257 + 9448. What are the prime factors of h?
5, 2141
What are the prime factors of (4 + 13854)*(-4 - (81/2)/(-9))?
13, 41
Let b = 6125 - 3400. What are the prime factors of b?
5, 109
Let t(q) = 214*q + 37. Let z(k) = -427*k - 77. Let d(l) = 5*t(l) + 2*z(l). What are the prime factors of d(5)?
11, 101
List the prime factors of (1 + (-64)/(-36) + 6/27)*3273.
3, 1091
Let t(p) = 1 - 1 - 13 - 3*p**2 + 15*p**3 - 14*p**3 + 5*p. Let i be t(5). Let n = 79 - i. What are the prime factors of n?
17
Let b(h) = 144*h + 88. Let d be b(10). Suppose 6*y - 10*y + d = 0. List the prime factors of y.
2, 191
Let w = 58 + -59. Suppose z = 2*k + 61, -k + 0*k - 13 = 3*z. List the prime factors of (21/(-12) - w)*k.
3, 7
Suppose -4*u + 6*u - 410 = 0. List the prime factors of 3 + u + 3 - 2.
11, 19
What are the prime factors of 1602/(-356) + -1*60729/(-6)?
67, 151
Let z(a) = a**2 + 10*a + 21. Let b be z(-8). What are the prime factors of 43479/45 - (-4)/b?
967
Let y(b) = -357*b - 2262. What are the prime factors of y(-41)?
3, 5, 11
Suppose 3*r + 11 = -7. Let n(t) = -16*t + 307. Let c be n(19). List the prime factors of (-374)/r + c/(-9).
2, 31
Let t(s) = -s**3 + 16*s**2 - 11*s - 13. Let x be t(15). Suppose -3 = 3*c, x + 16 = -p - 4*c. Let f = p + 102. List the prime factors of f.
43
Let r = 591 - 609. Let f(q) = -10*q + 1. Let t be f(-5). Let l = t - r. List the prime factors of l.
3, 23
Suppose -4*c - 10*f - 248 = -6*f, -3*f + 15 = 0. Let j = 450 + c. What are the prime factors of j?
383
Let a be -5 + (-21)/(-2) - (-9)/6. Let z(w) = 13*w**2 + 3*w + 4. List the prime factors of z(a).
2, 331
Suppose -j - 7*s = -5*s - 31529, -s - 31514 = -j. What are the prime factors of j?
43, 733
Suppose -3*z + 8*z = 45. Suppose 0 = s + 4*r - 3, 4*s - r - 3 = z. Suppose b - s + 8 = 0, p + 4*b - 5 = 0. List the prime factors of p.
5
Suppose -3*i = -15 - 0. Suppose 489 = -30*m + 1899. Suppose 108 + m = i*f. What are the prime factors of f?
31
Suppose -g + 95 = -4*t + 474, t = -2*g + 106. Let r = t - -434. List the prime factors of r.
2, 5, 53
Let v(h) = -20*h - 141. Let i be v(-6). List the prime factors of ((-35)/i)/5*1227.
409
Let f(p) = -5*p + 19. Let l(j) = -j + 3. Let s(k) = -k + 4. Let a(x) = -4*l(x) + 3*s(x). Let v(i) = 6*a(i) + f(i). What are the prime factors of v(16)?
5, 7
Let r be 84/(-18)*(-18)/7. Suppose -r*t + 16*t = 0. Suppose t*y + 2*k = y - 79, -3*y + 3*k + 240 = 0. What are the prime factors of y?
3
Let h = 56 - 42. Suppose -5*a - h = 2*a. List the prime factors of (714/(-28))/(a/4).
3, 17
Let v = 109 + -64. Suppose -4*w = 12, 3*f - 4*w - v = -2*w. What are the prime factors of f?
13
Let p = 345 + -312. Suppose 32*x - p*x + 1053 = 0. What are the prime factors of x?
3, 13
Let q = -364 - -198. Let r = q + 434. Suppose 2*x + 64 - r = 0. What are the prime factors of x?
2, 3, 17
Let a(p) = 10*p**2 + 11*p + 52. Let s(i) = 10*i**2 + 9*i + 51. Let n(t) = 4*a(t) - 3*s(t). List the prime factors of n(-11).
2, 7, 11
Suppose 4*y - 8 = 0, -4*k + 5*y - 282 = -1196. Let d = k - -568. List the prime factors of d.
17, 47
Let l = -3851 + 8028. List the prime factors of l.
4177
Let i(y) = y**3 - 7*y**2 + 2. Let u be i(7). Let w be 136*((-4 - -1) + 1/u). Let t = -94 - w. List the prime factors of t.
2, 3, 41
Suppose 4*l - 62274 = -6*m, 3*l - 69*m = -70*m + 46709. What are the prime factors of l?
2, 3, 5, 173
Let h be (-60)/(-28) - 2/14. Let t be (1078/(-28))/(1/h). List the prime factors of 1764/22 + 14/t.
2, 5
Suppose -1335072 + 241046 - 60566 = -57*n. List the prime factors of n.
2, 3, 211
Let c(z) = -18*z + 223. Suppose 3*x + 139 = -5*n, -4*n - 127 = n - x. List the prime factors of c(n).
691
Let k be -3 + 20/6*(-27)/(-18). Suppose -2*b + 224 = -q, -k*b + 143 + 97 = -5*q. List the prime factors of b.
2, 5, 11
Suppose -14*h - 10 = -16*h. Suppose h*z + w + 81 = 310, 37 = z - 2*w. List the prime factors of z.
3, 5
Let o(g) = -g**3 + 8*g**2 - 3*g + 3. Let m be o(3). Let f be -5 - (-6)/9*42. Let j = m - f. List the prime factors of j.
2
Let b = -1780 + 3101. Suppose 4*k + 20 = 0, -k = y - 0*k - b. List the prime factors of y.
2, 3, 13, 17
Suppose -5*z = 139 - 1884. Suppose -13*o - z = -76. Let w = o - -134. List the prime factors of w.
113
Suppose 2*d + 22 = 4*p, -5*p = 4*d + 4 + 1. Suppose -15*q + 10*q + 4829 = -2*c, -3*c + 2889 = p*q. What are the prime factors of q?
5, 193
Let l(t) = -9 - 12 - 26 + 16 - 622*t. List the prime factors of l(-3).
5, 367
Let p(m) = -84*m + 4*m - 839*m**2 - 41 - 2*m**3 + 770*m**2. List the prime factors of p(-34).
1523
Let y(a) = -3*a**3 + 27*a**2 - 3*a - 7. Let o be y(8). Let p = o + 104. List the prime factors of p.
5, 53
Suppose -3*g - 38 = -4*g + f, g + f = 32. Suppose 4*z - g = -3*d, z - 1 - 4 = 0. Suppose -4*v + 176 = 4*p, 0*p - d*v = -4*p + 194. List the prime factors of p.
2, 23
Suppose -5*j - 2*j - 70 = 0. Let n be (-2)/j - -14*(-3)/(-15). What are the prime factors of (-1 - 0 - (-16)/n)*33?
11, 13
Let x = 284 - 281. Suppose -2*v = -x*k - v + 467, v - 618 = -4*k. List the prime factors of k.
5, 31
Let s(j) = 5*j**2 - 13*j + 80. Let p(z) = -19*z**2 + 52*z - 322. Let q(t) = 2*p(t) + 9*s(t). List the prime factors of q(8).
2, 3, 5, 7
Suppose -8 = 5*v - 7*v. Suppose -3*t = -2*m - 24, -t + 4*m - 24 = -v*t. What are the prime factors of ((-370)/t)/(17/(-68))?
5, 37
Let n(h) = 11*h + 18. Let z be n(12). Let w = -214 + z. List the prime factors of 561/4 + (-48)/w.
3, 47
Let d be (119 + -15)*(-14)/(-8). Let o be (13/(d/(-60)))/(2/(-28)). Suppose -2*m - 3*v + 45 = m, 4*m - 5*v = o. What are the prime factors of m?
3, 5
Let r be 15216/32*2/1. Let p = 752 + r. List the prime factors of p.
13, 131
Let k(s) = s**3 - 12*s**2 + 7*s - 12. Let w be k(12). Suppose w*v = 69*v + 528. What are the prime factors of v?
2,